tive of z**4/24 - 2*z**3/3 + 6*z**2. What are the prime factors of w(9)?
5
Suppose 3*q - 4*z = 26, 0 = z - 4*z - 15. Suppose -4*g + q*k = -11 - 1, 2*g = 2*k + 4. Suppose 2*u = g + 2. List the prime factors of u.
3
Suppose 10 = 4*d - 9*d. Let x be 1 + d + (1 - -4). Suppose t + o = 7, -2*t + x = 2*t - 2*o. What are the prime factors of t?
3
Let x(p) = -2*p**3 + 3*p**2 + p - 2. Let n be x(2). Let f be (-18)/(-4)*8/6. Let u = n + f. What are the prime factors of u?
2
Let z(w) = -w**2 - 5*w - 2. Let k be z(-3). Suppose 0 = k*i - 25 - 3. Suppose -2*c + i*j = 4*j - 17, 3*j = -c + 22. List the prime factors of c.
13
Let z(x) = -x**2 + 3*x - 1. Let k be z(2). Let g be (6/(-9))/(k/3). What are the prime factors of ((-12)/(-7))/(g/(-14))?
2, 3
Let h(j) = j**2 - j + 2. Let d be h(2). Suppose -m - d*g = -2*m + 37, 0 = -4*g - 20. Suppose 4*z - m - 23 = 0. What are the prime factors of z?
2, 5
Let h(s) be the third derivative of -s**7/2520 + s**6/90 - s**5/20 - s**4/6 + 3*s**2. Let f(a) be the second derivative of h(a). List the prime factors of f(6).
2, 3
Suppose -x + 2360 = 9*x. What are the prime factors of x?
2, 59
Let l be (12/9)/(4/(-6)). What are the prime factors of 1/l - 25/(-2)?
2, 3
Suppose -n - 2*i - 7 = 0, 0 = 2*n + 2*i + 3*i + 16. Let v = n - -3. Suppose -5*l = -v*l - 10. List the prime factors of l.
2
Suppose 0*c = c. Let v = 2 + c. Suppose v*l = l + 11. List the prime factors of l.
11
Let s(l) = l**2 - 3*l - 2. Let a be s(4). Suppose -9 = -a*j - j. Suppose 3*p = -o + 33, j*p - 2*o = -7*o + 45. What are the prime factors of p?
2, 5
Let j be 21/6*(-4 - -2). Let i(x) = x**2 + 4*x - 8. List the prime factors of i(j).
13
Let r = -3 - -6. Suppose 0 = r*h - 2 + 14. Let d(f) = -f**3 - 4*f**2 - f - 2. What are the prime factors of d(h)?
2
Let u(r) = -2*r. Let f be u(-2). Let k = f + 3. Let n = k + -2. List the prime factors of n.
5
Let w be (244/(-16))/((-2)/8). Suppose 4*y = w + 31. List the prime factors of y.
23
Let d(u) = -9*u**2 + u - 1. Suppose -2*z + 5 = -5. Let l(a) = -14*a**2 + 2*a - 2. Let x(r) = z*l(r) - 8*d(r). List the prime factors of x(-2).
2
Suppose -z - 3*h + 197 = 0, -4*z + z = h - 567. List the prime factors of z.
2, 47
Let p(x) = -95*x**3 + 2*x + 2. What are the prime factors of p(-1)?
5, 19
Suppose 0 = 3*y + 23 + 4. What are the prime factors of (10/(-3))/(2/y)?
3, 5
Suppose 5*k = 6*k - 12. List the prime factors of k.
2, 3
Suppose 0*c = 2*c + 112. Let g = -27 - c. List the prime factors of g.
29
Let w(r) = r + 11. Let k be w(-10). Let q(y) = y**2 + y. Let g be q(k). Suppose g*i = 4*i - 44. What are the prime factors of i?
2, 11
What are the prime factors of (-269)/(-2) - 9/(-6)?
2, 17
Let v = -7 - 3. Let p = 4 - v. What are the prime factors of p?
2, 7
Let z(c) = -3*c + 1. Let v be z(-2). Let x = 5 + -1. Let u = v + x. What are the prime factors of u?
11
Suppose -3*c - 377 = -4*d + 2*c, 5*d = -3*c + 499. What are the prime factors of d?
2, 7
Suppose -2*a = 4 - 10. Suppose 3*v - z - 49 = z, 2*v = a*z + 41. What are the prime factors of v?
13
Suppose -4*y - y - 3*w = -126, 4*y - w = 111. Let l(o) = 21*o - 21. Let d(z) = -3*z + 3. Let f(c) = y*d(c) + 4*l(c). List the prime factors of f(3).
2, 3
Suppose -4*m + 2*u + 716 = 0, -127 = -m + u + 53. What are the prime factors of m?
2, 89
Let w be ((-6)/12)/((-2)/92). Suppose 2*b = -x + w + 12, 4*b + 5*x - 79 = 0. List the prime factors of b.
2
Let m(i) = -i - 3. Let q be m(-3). Let h = -5 + 9. Suppose q = 2*c + 2*a - 34, h*c - 4*a - 33 = -a. What are the prime factors of c?
2, 3
Let v(f) = 12*f**3 - f**2 + 1. What are the prime factors of v(3)?
2, 79
Suppose -13 = 5*p - 43. What are the prime factors of (-3)/(-6)*8*p?
2, 3
Let z(j) = j**3 - 18*j**2 + 5*j + 19. What are the prime factors of z(18)?
109
Let v(i) = -22*i - 4. Let k be v(-3). Suppose k = 5*w - 3*w. Let g = w - 19. What are the prime factors of g?
2, 3
Let k be (-15)/5 + 3/(-1). What are the prime factors of -15*(1 - (-8)/k)?
5
Suppose -r + 3 = 1. Suppose r*w + q = 40, -4*q + 8 = -6*q. What are the prime factors of w?
2, 11
Let x(b) = 3*b - 1. Let r(p) = -4*p + 2. Let w(k) = 4*r(k) + 5*x(k). Let g be w(0). Suppose -1 = -g*y + 8. List the prime factors of y.
3
Let w(x) = -x**3 + 2*x**2 - 2*x - 10. Let q(k) = 2*k**3 - 5*k**2 + 4*k + 21. Let a(n) = -6*q(n) - 13*w(n). What are the prime factors of a(-3)?
7
Let a be 31/(2/6*3). Suppose 3*m - a = 35. List the prime factors of m.
2, 11
Let l = -5 - 2. Let h be l*((1 - 3) + 1). What are the prime factors of 130/14 - 2/h?
3
Let t(b) = -2*b**2 + 3*b + 6. Let j be t(-4). What are the prime factors of ((-5)/2 + 2)*j?
19
Let m(c) = -c**3 - 2*c**2 + 6*c + 1. What are the prime factors of m(-5)?
2, 23
Suppose 2*j - 3*o = 71, -2*o + 69 = -5*j + 263. Suppose -s + 12 = 2*s, 2*q - 26 = -5*s. Suppose -q*r = -7*r + j. List the prime factors of r.
2, 5
Suppose 0 = 5*f - 4*i - 28 - 44, -f + 4*i = -24. What are the prime factors of f?
2, 3
Let l(a) = a**2 + 10*a - 6. Let x = 15 - 28. What are the prime factors of l(x)?
3, 11
Let h(n) be the second derivative of n**4/12 + 5*n**3/6 - 3*n**2 + 2*n. Let w be h(-6). Suppose w = 5*v - 26 - 14. What are the prime factors of v?
2
Let p(x) = 0*x + 1 + 4*x**2 + 2*x + 0*x. List the prime factors of p(-2).
13
Let j be (-2)/8 + (-228)/(-16). Suppose -2 = r + 5. Let d = j + r. What are the prime factors of d?
7
Suppose 3*o + 7 = 2*f - 0, 4*o = 3*f - 8. Let a = 7 - f. Suppose 4*v - r - a = 0, 2*v = -v - 4*r + 13. What are the prime factors of v?
3
Let d be 18/14 + 4/(-14). Let a be d*(-2 + 1) - -6. List the prime factors of 43/a - 6/(-15).
3
Let n = 7 - -9. What are the prime factors of n?
2
Let s be (171/(-6))/(6/(-8)). Let l be 2/(-7) + s/(-14). What are the prime factors of ((-63)/l)/3 - 1?
2, 3
Let v be 2/(-7) - (-90)/21. Suppose -9 = -4*s - 3*f, 0 = s - f - 0*f - v. Suppose y + s*a = 1, 5*a = 2*y - 0*y - 24. List the prime factors of y.
7
Let o(n) = -14*n - 2. List the prime factors of o(-3).
2, 5
Suppose 1067 = 4*a - 3*i, -2*a - 267 = -4*i - 803. What are the prime factors of a?
2, 7, 19
Suppose -2*h + 3 = -11. Let o = h + -3. List the prime factors of o.
2
Suppose 0*n + 4 = 2*n. Suppose 0 = 4*f - n*f + 2*m - 8, -4*m + 21 = 5*f. Suppose -l + 24 = 5*q + l, -5*l + 15 = f*q. List the prime factors of q.
2, 3
Let z(c) = c**2 - 5*c + 8. List the prime factors of z(11).
2, 37
Let n(c) = 13*c + 21. List the prime factors of n(7).
2, 7
Let m = 13 + -57. Let r = m - -76. Suppose 0*s - 4*s = -r. What are the prime factors of s?
2
Let f(k) = -8*k - 21. What are the prime factors of f(-18)?
3, 41
Suppose -4*j = -2*r - 9*j - 229, 0 = -5*r - 4*j - 564. What are the prime factors of (14/(-4))/(14/r)?
2, 7
Let v be 150/35 - (-2)/(-7). Let r(n) = -6*n**2 - 7*n + 3. Let w(z) = -7*z**2 - 8*z + 3. Let u(y) = -6*r(y) + 5*w(y). List the prime factors of u(v).
3, 7
Let g be (-1 + -1)*3/(-2). Suppose -5*k + 3*p = -42, g*k + 3*p - 38 = 8*p. List the prime factors of k.
2, 3
Let o(d) = -25*d. Let j be o(-2). Suppose 5 = -5*t + j. What are the prime factors of 21/t + (-4)/(-6)?
3
List the prime factors of 21/(((-54)/(-20))/9).
2, 5, 7
Let p = -6 + 43. What are the prime factors of p?
37
Let i(p) = -5*p**2 - p**3 - 6*p + 2*p**2 - 2 - p**2 + 0. List the prime factors of i(-4).
2, 11
Let x = 65 + 2. What are the prime factors of x?
67
Suppose -z = 3*z - 44. Let h = z - -3. What are the prime factors of h?
2, 7
Suppose 4*z - 3*z + 13 = 0. Let n = 18 + z. List the prime factors of n.
5
Let z(o) = -o**2 + 12*o + 17. List the prime factors of z(8).
7
Let o(y) = 3*y**2 + 4*y + 3. Let b = -1 + -2. Let v be o(b). Let h = v + -10. What are the prime factors of h?
2
Suppose 0 = 5*f - s + 4*s - 52, 0 = f + 2*s - 16. Let i = 14 - f. Let g = i + 6. What are the prime factors of g?
2, 3
Suppose -6*w + 10 = -w. Suppose 10 = 3*f + w*f. Suppose -3*n - 3*i + 6 = 0, f + 2 = 2*n - 4*i. What are the prime factors of n?
2
Let f(b) = 2*b - 7. Let l be f(6). Let w(q) be the second derivative of q**3/6 + q**2/2 + 3*q. What are the prime factors of w(l)?
2, 3
Let j(c) = -4*c**3 - 2*c**2 + 8*c - 3. What are the prime factors of j(-4)?
3, 7
Suppose -4*b + 6 = 2. Suppose 8 = 2*o - a - b, 0 = -3*o - 3*a - 9. Suppose -o*f = -3*f + 12. List the prime factors of f.
2, 3
Let u(b) = 2*b - 1. Let m(z) = 2*z - 1. Let j(